= v + 6. What is the remainder when z(1) is divided by a?
0
Let j = -26 - -49. What is the remainder when j is divided by 13?
10
Let b = 141 + -99. Let a(w) = 16*w - 33. Calculate the remainder when b is divided by a(3).
12
What is the remainder when (126/15)/(6/75) is divided by 27?
24
Suppose -x - 2*j - 10 = -3*j, -34 = 3*x - 4*j. Let p be 12*((-4)/(-6))/(-1). Let q = x - p. What is the remainder when 3 is divided by q?
1
Calculate the remainder when 14 is divided by ((-4)/(-2) - 1)/((-2)/(-10)).
4
Let z(i) = -2*i - 3. Let p be z(-3). Let d(t) = 10*t. What is the remainder when d(p) is divided by 16?
14
Let d(m) = 4*m**3 - 3*m**2 + 2*m - 1. Suppose -2*q = -5*c - 0*q + 6, -q = 3*c - 8. What is the remainder when 45 is divided by d(c)?
22
Let g(i) = i**3 + 3*i**2 - 4*i + 4. Let y be g(-4). Let r(u) = y*u**2 - 4*u - 3*u + u**3 - 5 - u**2. Calculate the remainder when 12 is divided by r(-4).
5
Suppose -4*u + 17 = 3*v - 3, 0 = -2*u - 2*v + 12. Suppose 4 = 4*k, -2*m = m + k - 10. Let c = -2 + m. Calculate the remainder when u is divided by c.
0
Let o = -83 - -137. Calculate the remainder when o is divided by 14.
12
Suppose -4*d = -46 - 34. Calculate the remainder when (118/4)/(1/2) is divided by d.
19
Let p(u) = -u**2 + 11*u - 11. What is the remainder when 49 is divided by p(7)?
15
Suppose 0 = 3*q + 3*m - 318, 5*q = 4*m - 0*m + 503. What is the remainder when q is divided by 36?
31
Suppose 3*u - u = -6, q = 3*u - 6. Let s be (-10)/q - (-494)/6. Suppose 4*h = s + 69. Calculate the remainder when h is divided by 20.
18
Let h = 0 + -1. Let i be (-12)/(-1)*h/(-2). Suppose -3*u - i = -18. Calculate the remainder when 11 is divided by u.
3
Let l(r) = -r**2 + 4*r + 47. Let p(k) = -k**2 + 3*k + 47. Let z(c) = -3*l(c) + 4*p(c). Calculate the remainder when z(0) is divided by 12.
11
What is the remainder when 38 is divided by 3*3/(-18)*-40?
18
Let v = -25 + 44. Let u(g) = g + 4. Suppose 0 = 4*j + 5 - 17. What is the remainder when v is divided by u(j)?
5
Let o = -54 + 55. What is the remainder when 3 is divided by o?
0
Let i = 5 + -3. Let v = i - -3. Calculate the remainder when v is divided by 2.
1
Let f = 9 - -13. What is the remainder when f is divided by 5?
2
Suppose 74 = 2*y + 3*y - 3*v, 2*y + 5*v = 11. Let h(c) = 3*c**2 + 3*c + 1. What is the remainder when h(-4) is divided by y?
11
Suppose -z - 2*z = -6. Let i = 3 - -4. What is the remainder when (-1 + z)/((-3)/(-60)) is divided by i?
6
Suppose -2*f = -6*f + 4. What is the remainder when 0/11 + (46 - f) is divided by 16?
13
What is the remainder when 59 is divided by 1 + 2 - (-28 + 1)?
29
Suppose -o = 7 - 4. Let c(k) = k**3 - 2*k**2 - k + 1. Let n be c(2). Calculate the remainder when 3 is divided by (n - 0)*(o - -1).
1
Let r be 15/(-2) + 2/4. Let a = r - -30. Suppose -a + 8 = -5*s. Calculate the remainder when s is divided by 3.
0
Let s = -19 + 37. Calculate the remainder when 51 is divided by s.
15
Let k be (6/(-4))/(9/(-42)). Let d = k - 1. Calculate the remainder when 22 is divided by d.
4
Suppose -2*k + 6*k = 5*b + 151, -3*k + 119 = 2*b. Calculate the remainder when k is divided by (-4)/(-14) - 276/(-14).
19
Suppose 4*g - 72 = -12. What is the remainder when g is divided by 8?
7
Suppose -16 = -2*v - 2*v. Suppose -10 = -2*f - 2*w, -5*f + w - v*w + 29 = 0. Calculate the remainder when 20 is divided by f.
6
Let j(i) = i**2 + i + 5. What is the remainder when j(6) is divided by 16?
15
Let a(g) = -g**2 + 1. Let v be a(1). What is the remainder when (-7*(3 - v))/(-1) is divided by 8?
5
Let w(x) = 2 - 2*x - 6*x - 7. Let f be w(-4). Let g = -18 + f. Calculate the remainder when 15 is divided by g.
6
Let s be (-4)/16 - (-3)/12. Suppose -q + 5 + s = 0. What is the remainder when 11 is divided by q?
1
Let v be 2/3*9/2. Suppose 0*x - 12 = -v*x. Suppose 0*u - 52 = -x*u. Calculate the remainder when 38 is divided by u.
12
What is the remainder when 61 is divided by 10/(-35)*4*-28?
29
Suppose -9 = -5*q + 41. Suppose 0 = 2*s - 4 - q. What is the remainder when 25 is divided by s?
4
Let i(f) = -15*f**3 + 3*f**2 - 15*f - 21. Let t(o) = 7*o**3 - o**2 + 7*o + 10. Let c(d) = -6*i(d) - 13*t(d). What is the remainder when 3 is divided by c(-5)?
0
Suppose -5*a - 3*y + 24 = -3*a, -2*y = -a + 12. Calculate the remainder when 22 + a/3 + -6 is divided by 7.
6
Suppose 4*n - n - 12 = 0. Suppose n*r = 204 + 172. Calculate the remainder when r is divided by 24.
22
What is the remainder when (-28)/(-2)*(-264)/(-48) is divided by 21?
14
What is the remainder when 51 is divided by 1 - (-65)/(-10)*-4?
24
Suppose 0 = 2*z - 8, -3*p + z - 3*z = -50. What is the remainder when 27 is divided by p?
13
Let n = 55 - 17. Suppose 8*m + n = 10*m. Calculate the remainder when m is divided by 5.
4
Let r(w) = -2*w**2 + 24*w - 11. Calculate the remainder when 42 is divided by r(11).
9
Suppose -2*c - 4*d + 34 = 0, c - 2*c = -5*d - 24. Calculate the remainder when 74 is divided by c.
17
Let a = 8 + -11. What is the remainder when (-23)/(-3) - a/9 is divided by 5?
3
Let s(r) = 2*r**2 + r + 2. Calculate the remainder when 15 is divided by s(-2).
7
Let i(a) = a**3 + 2. Calculate the remainder when 36 is divided by i(2).
6
Let d(l) = 2*l**2 + 2*l - 2. Let z be d(-2). Suppose z = 3*o - 2*o. Suppose -o*f - 3*f + 55 = 0. Calculate the remainder when f is divided by 4.
3
Suppose -3*o + o = 0. Suppose -r - 1 + 2 = o, -3*r = 4*t - 31. What is the remainder when t is divided by 4?
3
Let g = 69 - 40. Suppose -z - 12 = -97. Calculate the remainder when z is divided by g.
27
Calculate the remainder when 41 is divided by 75/7 - (-6)/21.
8
Let m be 6 + (1 - 2) - 1. Suppose -3*n - 3*s + 386 = -5*s, -m*n + 526 = 3*s. Calculate the remainder when n is divided by 33.
31
Let h = -74 - -83. What is the remainder when 15 is divided by h?
6
Suppose 0 = 4*l + l + 2*v - 10, 4*l - 4*v - 8 = 0. Suppose 2*h = -1 - 3, -4*h = l*o - 16. Calculate the remainder when 4/(-18) - (-1254)/54 is divided by o.
11
Suppose -2*p = -6*p. Let x = p + 2. Suppose -5*d + x*d = -132. Calculate the remainder when d is divided by 23.
21
What is the remainder when 40 is divided by (-1)/(5/(-15)) + 2 + 0?
0
Suppose -5*h - 2*h + 238 = 0. Calculate the remainder when h is divided by 3/((-6)/(-4)) - -7.
7
Calculate the remainder when 12 is divided by (2/4*-1)/((-4)/56).
5
Let c(j) = j**2 - 3*j + 1. Let o be c(4). What is the remainder when o*3 - (0 - -2) is divided by (4 + 1 + 2)/1?
6
What is the remainder when 131 is divided by (-4 + (-30)/(-9))/(4/(-72))?
11
Suppose -x = q - 83, -5*x + 3*q - q = -415. What is the remainder when x is divided by 21?
20
What is the remainder when 37 is divided by (-63)/(-6) - (-6)/(-12)?
7
Let r be (26/8)/(14/1400). Suppose o = 6*o - 5*t - r, -4*t - 138 = -2*o. Suppose 80 = 2*v + 3*v. Calculate the remainder when o is divided by v.
13
Calculate the remainder when 13 is divided by (2/(-5))/(1/(-10)).
1
Let y be 10/(-2)*(-4)/(-10). Let r = y - -4. Suppose -3*g = -r*g - 43. Calculate the remainder when g is divided by 15.
13
Let t = 10 + -6. Let n = 0 - -5. What is the remainder when n is divided by t?
1
Let o be (-4 - -3)/(1 - 0). Let x(y) = -y**2 - y + 16. Calculate the remainder when x(0) is divided by 13/2 + o/2.
4
Let i(z) = z**3 + 5*z**2 - 4*z + 25. Calculate the remainder when 87 is divided by i(-6).
9
Suppose 78 = -2*n + 5*n. Let k = 73 - 46. What is the remainder when k is divided by n*(-3)/(-6) + 2?
12
Suppose 10 = -4*l + 2*t - 3*t, 0 = -4*t - 8. Suppose 2*f - 78 = -2*z, -2*f + 103 = -0*f - 3*z. What is the remainder when f is divided by l/4*-26 - -2?
14
Suppose 4*u = -2*j - 4, -26 = -0*j - 5*j + 2*u. Let f be ((-7)/1)/(-3 + j). Let y(w) = -w + 1. Calculate the remainder when 15 is divided by y(f).
7
Suppose 9 + 11 = 4*v, r + 4*v = 58. Calculate the remainder when r is divided by 10.
8
Let u be 7/2 + (-9)/6. Suppose 4*k + s = 58 + u, -5*k + 68 = 3*s. Let q = k - 0. Calculate the remainder when q is divided by 6.
4
Let c = 47 + 19. Calculate the remainder when c is divided by 10.
6
Suppose 4*b = 3*b + 95. What is the remainder when b is divided by 6/(-15) + (-3 - 274/(-10))?
23
Let l = -27 + 68. Calculate the remainder when l is divided by 21.
20
Suppose 25 = 18*d - 17*d. What is the remainder when d is divided by 6?
1
Let d(n) = n**3 + 5*n**2 + 3*n - 4. Let